culate the remainder when 2647 is divided by 154.
29
Calculate the remainder when 31 is divided by 18.
13
What is the remainder when 66 is divided by 9?
3
What is the remainder when 5016 is divided by 626?
8
Calculate the remainder when 430 is divided by 1.
0
Calculate the remainder when 81 is divided by 6.
3
Calculate the remainder when 161 is divided by 18.
17
Calculate the remainder when 1554 is divided by 384.
18
What is the remainder when 2436 is divided by 56?
28
What is the remainder when 174 is divided by 81?
12
Calculate the remainder when 1066 is divided by 153.
148
What is the remainder when 733 is divided by 45?
13
What is the remainder when 101 is divided by 21?
17
What is the remainder when 192 is divided by 191?
1
What is the remainder when 2945 is divided by 133?
19
What is the remainder when 744 is divided by 48?
24
What is the remainder when 1870 is divided by 144?
142
Calculate the remainder when 1845 is divided by 7.
4
What is the remainder when 22 is divided by 12?
10
What is the remainder when 89 is divided by 10?
9
Calculate the remainder when 5821 is divided by 19.
7
What is the remainder when 81 is divided by 21?
18
Calculate the remainder when 7390 is divided by 16.
14
Calculate the remainder when 56 is divided by 12.
8
What is the remainder when 640 is divided by 107?
105
What is the remainder when 628 is divided by 9?
7
Calculate the remainder when 699 is divided by 140.
139
Calculate the remainder when 87 is divided by 44.
43
Calculate the remainder when 24273 is divided by 7.
4
What is the remainder when 199 is divided by 101?
98
Calculate the remainder when 1900 is divided by 18.
10
What is the remainder when 622 is divided by 21?
13
Calculate the remainder when 183 is divided by 94.
89
Calculate the remainder when 1814 is divided by 35.
29
Calculate the remainder when 379 is divided by 33.
16
What is the remainder when 991 is divided by 59?
47
What is the remainder when 2023 is divided by 78?
73
What is the remainder when 559 is divided by 7?
6
What is the remainder when 193 is divided by 51?
40
What is the remainder when 15341 is divided by 15?
11
What is the remainder when 76 is divided by 17?
8
What is the remainder when 278 is divided by 40?
38
Calculate the remainder when 15 is divided by 4.
3
Calculate the remainder when 199 is divided by 9.
1
What is the remainder when 997 is divided by 126?
115
What is the remainder when 395 is divided by 57?
53
What is the remainder when 515 is divided by 58?
51
Calculate the remainder when 895 is divided by 129.
121
What is the remainder when 591 is divided by 66?
63
What is the remainder when 397 is divided by 20?
17
Calculate the remainder when 1349 is divided by 125.
99
Calculate the remainder when 80 is divided by 22.
14
Calculate the remainder when 188 is divided by 46.
4
Calculate the remainder when 259 is divided by 22.
17
What is the remainder when 284 is divided by 273?
11
What is the remainder when 167 is divided by 78?
11
What is the remainder when 227 is divided by 202?
25
What is the remainder when 2650 is divided by 23?
5
What is the remainder when 165 is divided by 50?
15
What is the remainder when 2438 is divided by 122?
120
Calculate the remainder when 45 is divided by 37.
8
What is the remainder when 942 is divided by 7?
4
What is the remainder when 1009 is divided by 84?
1
Calculate the remainder when 69 is divided by 31.
7
What is the remainder when 8638 is divided by 108?
106
What is the remainder when 393 is divided by 53?
22
Calculate the remainder when 367 is divided by 9.
7
Calculate the remainder when 427 is divided by 39.
37
What is the remainder when 3216 is divided by 29?
26
Calculate the remainder when 84 is divided by 25.
9
Calculate the remainder when 680 is divided by 220.
20
Calculate the remainder when 162 is divided by 41.
39
What is the remainder when 57 is divided by 30?
27
Calculate the remainder when 176 is divided by 33.
11
Calculate the remainder when 417 is divided by 105.
102
What is the remainder when 1299 is divided by 161?
11
What is the remainder when 1652 is divided by 72?
68
What is the remainder when 139 is divided by 38?
25
What is the remainder when 10938 is divided by 21?
18
Calculate the remainder when 207 is divided by 14.
11
Calculate the remainder when 543 is divided by 34.
33
What is the remainder when 17106 is divided by 290?
286
What is the remainder when 206 is divided by 67?
5
Calculate the remainder when 42 is divided by 10.
2
Calculate the remainder when 41 is divided by 12.
5
What is the remainder when 1816 is divided by 9?
7
What is the remainder when 709 is divided by 66?
49
What is the remainder when 82 is divided by 11?
5
Calculate the remainder when 2468 is divided by 402.
56
Calculate the remainder when 213 is divided by 43.
41
Calculate the remainder when 118 is divided by 55.
8
Calculate the remainder when 68 is divided by 12.
8
What is the remainder when 778 is divided by 26?
24
Calculate the remainder when 185 is divided by 26.
3
Calculate the remainder when 247 is divided by 48.
7
Calculate the remainder when 273 is divided by 69.
66
What is the remainder when 215 is divided by 55?
50
Calculate the remainder when 244 is divided by 26.
10
What is the remainder when 108 is divided by 2?
0
What is the remainder when 198 is divided by 20?
18
Calculate the remainder when 53 is divided by 8.
5
What is the remainder when 397 is divided by 254?
143
Calculate the remainder when 98 is divided by 58.
40
Calculate the remainder when 958 is divided by 37.
33
Calculate the remainder when 75 is divided by 18.
3
Calculate the remainder when 1899 is divided by 28.
23
What is the remainder when 3433 is divided by 686?
3
Calculate the remainder when 42 is divided by 12.
6
What is the remainder when 1024 is divided by 19?
17
Calculate the remainder when 591 is divided by 85.
81
Calculate the remainder when 13001 is divided by 255.
251
What is the remainder when 937 is divided by 156?
1
What is the remainder when 125 is divided by 39?
8
What is the remainder when 968 is divided by 64?
8
Calculate the remainder when 104 is divided by 44.
16
Calculate the remainder when 1499 is divided by 25.
24
Calculate the remainder when 1881 is divided by 622.
15
Calculate the remainder when 53 is divided by 15.
8
What is the remainder when 271 is divided by 21?
19
Calculate the remainder when 539 is divided by 30.
29
Calculate the remainder when 81 is divided by 32.
17
Calculate the remainder when 51 is divided by 11.
7
Calculate the remainder when 101 is divided by 98.
3
What is the remainder when 58 is divided by 14?
2
What is the remainder when 194 is divided by 63?
5
What is the remainder when 717 is divided by 44?
13
What is the remainder when 19063 is divided by 41?
39
What is the remainder when 6184 is divided by 28?
24
What is the remainder when 42 is divided by 28?
14
Calculate the remainder when 547 is divided by 37.
29
Calculate the remainder when 395 is divided by 57.
53
Calculate the remainder when 25918 is divided by 18.
16
What is the remainder when 137 is divided by 23?
22
Calculate the remainder when 61 is divided by 13.
9
What is the remainder when 340 is divided by 49?
46
What is the remainder when 103 is divided by 15?
13
What is the remainder when 1310 is divided by 19?
18
Calculate the remainder when 1642 is divided by 119.
95
What is the remainder when 1096 is divided by 100?
96
What is the remainder when 84 is divided by 22?
18
Calculate the remainder when 416 is divided by 223.
193
Calculate the remainder when 1519 is divided by 39.
37
Calculate the remainder when 1511 is divided by 84.
83
Calculate the remainder when 16376 is divided by 4093.
4
What is the remainder when 77 is divided by 26?
25
Calculate the remainder when 451 is divided by 33.
22
What is the remainder when 177 is divided by 45?
42
What is the remainder when 11437 is divided by 20?
17
Calculate the remainder when 745 is divided by 743.
2
Calculate the remainder when 1197 is divided by 24.
21
Calculate the remainder when 65 is divided by 35.
30
Calculate the remainder when 232 is divided by 122.
110
What is the remainder when 692 is divided by 31?
10
What is the remainder when 74 is divided by 10?
4
Calculate the remainder when 819